41608?
1
What is the thousands digit of 559430?
9
What is the millions digit of 14765639?
4
What is the units digit of 299891?
1
What is the hundreds digit of 1599246?
2
What is the units digit of 198151?
1
What is the thousands digit of 445693?
5
What is the hundreds digit of 16751753?
7
What is the hundred thousands digit of 383271?
3
What is the thousands digit of 98648?
8
What is the ten thousands digit of 275668?
7
What is the hundreds digit of 321059?
0
What is the thousands digit of 147857?
7
What is the thousands digit of 952408?
2
What is the millions digit of 6416685?
6
What is the hundreds digit of 1894198?
1
What is the units digit of 4193921?
1
What is the hundred thousands digit of 2240634?
2
What is the ten thousands digit of 1427661?
2
What is the thousands digit of 750724?
0
What is the thousands digit of 908547?
8
What is the units digit of 78033?
3
What is the hundred thousands digit of 3632341?
6
What is the hundreds digit of 253107?
1
What is the hundreds digit of 19327252?
2
What is the units digit of 919614?
4
What is the hundred thousands digit of 962030?
9
What is the hundreds digit of 3453017?
0
What is the hundreds digit of 24004?
0
What is the millions digit of 20134385?
0
What is the hundred thousands digit of 200806?
2
What is the thousands digit of 651113?
1
What is the tens digit of 13422972?
7
What is the hundred thousands digit of 560211?
5
What is the hundred thousands digit of 574299?
5
What is the units digit of 10983158?
8
What is the hundred thousands digit of 4263306?
2
What is the hundred thousands digit of 113783?
1
What is the ten thousands digit of 213306?
1
What is the tens digit of 2185471?
7
What is the thousands digit of 288267?
8
What is the tens digit of 521443?
4
What is the ten thousands digit of 3910939?
1
What is the tens digit of 29305?
0
What is the thousands digit of 748594?
8
What is the ten thousands digit of 17070082?
7
What is the hundred thousands digit of 1689468?
6
What is the hundreds digit of 206883?
8
What is the hundred thousands digit of 650574?
6
What is the tens digit of 58781?
8
What is the hundreds digit of 2093017?
0
What is the hundred thousands digit of 117656?
1
What is the tens digit of 12456955?
5
What is the ten millions digit of 12101634?
1
What is the thousands digit of 17590725?
0
What is the units digit of 234262?
2
What is the hundreds digit of 3264350?
3
What is the thousands digit of 38617298?
7
What is the tens digit of 28298108?
0
What is the units digit of 9485154?
4
What is the millions digit of 5811225?
5
What is the hundreds digit of 1433910?
9
What is the hundreds digit of 63867?
8
What is the tens digit of 628204?
0
What is the hundreds digit of 416040?
0
What is the hundred thousands digit of 2213408?
2
What is the tens digit of 1610184?
8
What is the tens digit of 50127?
2
What is the hundred thousands digit of 40595642?
5
What is the thousands digit of 15334?
5
What is the units digit of 972972?
2
What is the units digit of 1149966?
6
What is the hundreds digit of 374073?
0
What is the hundred thousands digit of 1613989?
6
What is the thousands digit of 216680?
6
What is the hundred thousands digit of 2736798?
7
What is the ten millions digit of 20047926?
2
What is the hundreds digit of 275423?
4
What is the ten millions digit of 17252549?
1
What is the tens digit of 651170?
7
What is the units digit of 22438?
8
What is the hundred thousands digit of 251384?
2
What is the hundreds digit of 1181058?
0
What is the hundred thousands digit of 1535595?
5
What is the units digit of 2318?
8
What is the tens digit of 202353?
5
What is the ten thousands digit of 2501567?
0
What is the thousands digit of 488606?
8
What is the thousands digit of 697295?
7
What is the tens digit of 941337?
3
What is the tens digit of 111202?
0
What is the tens digit of 433572?
7
What is the units digit of 3539092?
2
What is the thousands digit of 12400302?
0
What is the millions digit of 1965837?
1
What is the tens digit of 1932983?
8
What is the hundred thousands digit of 9625560?
6
What is the tens digit of 15673242?
4
What is the thousands digit of 10662817?
2
What is the hundred thousands digit of 101987?
1
What is the units digit of 957442?
2
What is the millions digit of 14466626?
4
What is the units digit of 3603362?
2
What is the ten thousands digit of 2073680?
7
What is the millions digit of 1366716?
1
What is the hundred thousands digit of 286325?
2
What is the hundreds digit of 2941375?
3
What is the ten millions digit of 16358430?
1
What is the tens digit of 573?
7
What is the millions digit of 13059716?
3
What is the tens digit of 483987?
8
What is the tens digit of 3677598?
9
What is the tens digit of 913013?
1
What is the tens digit of 184779?
7
What is the millions digit of 10391876?
0
What is the millions digit of 1773777?
1
What is the tens digit of 691275?
7
What is the hundreds digit of 389744?
7
What is the hundreds digit of 901423?
4
What is the thousands digit of 295126?
5
What is the hundreds digit of 12360112?
1
What is the units digit of 2442254?
4
What is the units digit of 207353?
3
What is the thousands digit of 321308?
1
What is the millions digit of 9467002?
9
What is the units digit of 447065?
5
What is the units digit of 2331711?
1
What is the tens digit of 429952?
5
What is the tens digit of 1607083?
8
What is the hundred thousands digit of 3268472?
2
What is the millions digit of 2214532?
2
What is the tens digit of 408808?
0
What is the thousands digit of 349337?
9
What is the millions digit of 6894076?
6
What is the tens digit of 373510?
1
What is the millions digit of 27643948?
7
What is the thousands digit of 910627?
0
What is the thousands digit of 15593?
5
What is the thousands digit of 818082?
8
What is the hundred thousands digit of 140219?
1
What is the millions digit of 22164936?
2
What is the units digit of 281781?
1
What is the hundred thousands digit of 760164?
7
What is the ten thousands digit of 220233?
2
What is the hundred thousands digit of 4549339?
5
What is the hundred thousands digit of 434631?
4
What is the thousands digit of 1467152?
7
What is the ten millions digit of 11387810?
1
What is the thousands digit of 20158?
0
What is the thousands digit of 20869509?
9
What is the ten thousands digit of 813105?
1
What is the hundreds digit of 1792253?
2
What is the thousands digit of 444310?
4
What is the ten thousands digit of 36612220?
1
What is the tens digit of 930877?
7
What is the ten thousands digit of 572935?
7
What is the hundred thousands digit of 1058261?
0
What is the units digit of 6444276?
6
What is the units digit of 2905699?
9
What is the tens digit of 647658?
5
What is the ten thousands digit of 314485?
1
What is the hundreds digit of 1069304?
3
What is the thousands digit of 70668?
0
What is the units digit of 6571118?
8
What is the hundred thousands digit of 447669?
4
What is the thousands digit of 174091?
4
What is the millions digit of 6862830?
6
What is the hundreds digit of 914072?
0
What is the hundreds digit of 440232?
2
What is the tens digit of 406883?
8
What is the tens digit of 769673?
7
What is the ten thousands digit of 5232835?
3
What is the tens digit of 25639214?
1
What is the millions digit of 9267518?
9
What is the units digit of 79879?
9
What is the hundred thousands digit of 2037037?
0
What is the units digit of 221441?
1
What is the thousands digit of 14542696?
2
What is the tens digit of 3497333?
3
What is the ten thousands digit of 1289848?
8
What is the ten thousands digit of 57808?
5
What is the tens digit of 3213320?
2
What is the hundreds digit of 151099?
0
What is the hundred thousands digit of 728228?
7
What is the tens digit of 908591?
9
What is the ten millions digit of 25788514?
2
What is the hundreds digit of 651218?
2
What is the thousands digit of 598645?
8
What is the hundred thousands digit of 14333183?
3
What is the units digit of 21652268?
8
What is the hundreds digit of 410087?
0
What is the units digit of 385231?
1
What is the ten thousands digit of 322901?
2
What is the ten thousands digit of 1203716?
0
What is the hundred thousands digit of 29079836?
0
What is the hundreds digit of 9760358?
3
What is the ten thousands digit of 3598611?
9
What is the hundreds di